5) to base 14.
351944
Convert 1011122010 (base 3) to base 10.
23061
Convert -1579d8 (base 15) to base 2.
-11111101100000010001
10100110101000101 (base 2) to base 8
246505
Convert 132132230 (base 4) to base 8.
363654
What is 201112200010 (base 3) in base 11?
243012
Convert 2260403 (base 7) to base 13.
9c080
-10031460 (base 9) to base 11
-2791154
What is -310810 (base 12) in base 10?
-768396
-247d6 (base 15) to base 12
-57526
-14418874 (base 10) to base 4
-313000032322
-2075849 (base 12) to base 2
-10111010111110101111001
Convert -20211321 (base 5) to base 13.
-59464
Convert -20620255 (base 7) to base 15.
-24957d
Convert -10020020 (base 4) to base 11.
-11778
What is -9079 (base 11) in base 3?
-121112212
105310 (base 10) to base 3
12100110101
What is 10210221101 (base 3) in base 11?
51421
Convert -32743 (base 13) to base 15.
-1c0ca
101112131020 (base 4) to base 13
c3339a
What is 1376161 (base 8) in base 16?
5fc71
What is -1044a8 (base 14) in base 11?
-346027
Convert be7e76 (base 15) to base 8.
42527371
580599 (base 10) to base 15
b7069
What is -456064 (base 7) in base 4?
-103312321
Convert 11001011101110110011 (base 2) to base 12.
342b03
What is -3421455 (base 7) in base 6?
-13042100
-22a969 (base 15) to base 11
-a310a0
Convert 3313233 (base 4) to base 14.
5ac7
313438 (base 9) to base 12
8b952
What is -21013100013 (base 4) in base 8?
-11072007
Convert -110100011000001001 (base 2) to base 14.
-58281
Convert -5441746 (base 9) to base 3.
-12111101211120
213523 (base 6) to base 8
42433
What is -464336 (base 10) in base 3?
-212120221122
What is 22a095 (base 12) in base 3?
1001021102012
What is 10615a (base 12) in base 9?
434757
Convert -8030214 (base 9) to base 2.
-10000010010110100011010
What is -1000202010100 (base 3) in base 14?
-10303d
6331 (base 13) to base 16
35a1
What is -32666352 (base 8) in base 2?
-11010110110110011101010
240507 (base 8) to base 10
82247
1201101111101 (base 3) to base 12
380491
1626335 (base 8) to base 14
c3525
Convert -30303110 (base 4) to base 11.
-3643a
-12230044 (base 6) to base 2
-1011111111000001100
-132120002 (base 6) to base 4
-22000122002
What is 100100221010212 (base 3) in base 11?
28a041a
What is -1243110143 (base 5) in base 11?
-1826263
What is 241645 (base 13) in base 16?
d1fc2
675391 (base 15) to base 6
253344131
-10503556 (base 7) to base 9
-1634681
Convert 11210131 (base 4) to base 2.
101100100011101
What is -1000220100 (base 3) in base 13?
-9348
What is 43233212 (base 5) in base 2?
1011001110100111100
201100130 (base 4) to base 10
136220
What is -20121133322 (base 4) in base 3?
-11010212000112
What is 1135264 (base 7) in base 9?
237774
Convert -144766a (base 13) to base 14.
-bd9cd4
76677 (base 11) to base 9
178577
-27490 (base 11) to base 14
-103ca
-4a80 (base 13) to base 3
-112111221
Convert -13492a (base 12) to base 13.
-b2432
Convert 191c8 (base 13) to base 4.
23320123
-131031311 (base 5) to base 11
-3a9969
10202102111 (base 3) to base 9
122374
Convert -13333d (base 14) to base 8.
-2414673
What is 12345 (base 15) in base 4?
32030003
What is 4452410 (base 6) in base 10?
224790
What is -18887110 (base 9) in base 6?
-541000230
Convert 5929a (base 11) to base 5.
10214120
Convert -731054 (base 10) to base 12.
-2b3092
What is -335766 (base 10) in base 11?
-20a2a2
What is 1310021122 (base 4) in base 16?
7425a
Convert 16442541 (base 7) to base 8.
6103075
Convert -20320a (base 11) to base 16.
-4facb
Convert -7923a (base 15) to base 9.
-646421
1231441132 (base 5) to base 7
34332010
-57b3b (base 12) to base 10
-117407
Convert -166252 (base 8) to base 3.
-10002002221
11434421 (base 7) to base 15
1515db
-10001100111111011 (base 2) to base 3
-10200000121
What is 2947c (base 16) in base 11?
106043
104212200 (base 5) to base 7
3624661
81411 (base 13) to base 2
111000011111001111
-10001012110 (base 3) to base 14
-17ba5
Convert ea83ff (base 16) to base 14.
2081051
-301134132 (base 5) to base 2
-100100011010001010010
136aa (base 12) to base 7
141316
-166753 (base 8) to base 15
-130a7
Convert 1043301 (base 8) to base 15.
5808c
Convert -208933 (base 11) to base 14.
-89963
Convert 100000000101111100 (base 2) to base 12.
640a4
Convert 100020122002112 (base 3) to base 7.
56523104
Convert -110010011010011 (base 2) to base 9.
-38358
-16366160 (base 9) to base 3
-120102020012000
Convert -7058888 (base 9) to base 8.
-16256534
-122122022200000 (base 3) to base 10
-9375426
Convert -22033032202 (base 4) to base 3.
-12001100111101
What is 122132410 (base 5) in base 2?
10001110011100111000
Convert 1033222 (base 5) to base 8.
43021
What is -13433143 (base 5) in base 2?
-100010001000010110
Convert -4d3bd (base 14) to base 12.
-9200b
2bccab0 (base 13) to base 9
28483531
83799 (base 16) to base 15
a9866
What is -145d98 (base 16) in base 4?
-11011312120
-844305 (base 10) to base 15
-11a270
-12364808 (base 9) to base 12
-2046468
11110001110000101 (base 2) to base 15
26a21
-413427 (base 8) to base 2
-100001011100010111
-2342023044 (base 5) to base 7
-64046011
1867a6 (base 11) to base 10
287128
What is 2a497 (base 14) in base 3?
12100021220
What is 3072352 (base 11) in base 8?
24532334
-161880a (base 12) to base 4
-101032032022
512022410 (base 6) to base 15
b84cbc
Convert -10001000101111100000111 (base 2) to base 3.
-22102122110122
Convert 1172 (base 9) to base 6.
4015
Convert 140242002 (base 5) to base 10.
712127
Convert -c81241 (base 14) to base 8.
-31633571
4244043 (base 6) to base 15
41a86
What is -468611 (base 9) in base 2?
-1000100110100100010
What is 22013230 (base 4) in base 2?
1010000111101100
2210100100 (base 3) to base 13
1c002
Convert 13807 (base 16) to base 14.
21179
What is -220538 (base 12) in base 5?
-114234100
Convert 257422 (base 8) to base 2.
10101111100010010
What is 11443300402 (base 5) in base 2?
110100000100100010110110
What is 26742 (base 16) in base 10?
157506
-37042216 (base 8) to base 13
-18c1b58
634254 (base 8) to base 2
110011100010101100
What is 112330300220 (base 4) in base 11?
3439a38
Convert -1102220223 (base 4) to base 14.
-8b4cb
Convert 25353233 (base 7) to base 14.
43bb1a
Convert -65311 (base 13) to base 3.
-100021212001
Convert -214223 (base 9) to base 12.
-61b26
Convert b042 (base 16) to base 8.
130102
What is -22c475 (base 13) in base 8?
-3116734
Convert -120055a (base 12) to base 15.
-48c65d
Convert -1d6ac (base 15) to base 13.
-34917
Convert 1003400 (base 8) to base 9.
442042
Convert 120531322 (base 6) to base 5.
1041020334
446652 (base 8) to base 5
14312304
Convert 124403330 (base 5) to base 15.
c45e5
What is -171aa5 (base 12) in base 9?
-664858
Convert -614113 (base 12) to base 6.
-52332423
Convert -1b8 (base 15) to base 7.
-1106
Convert 3012434 (base 6) to base 4.
202220212
Convert -133433223 (base 5) to base 2.
-10100111101001100000
What is 286c4 (base 13) in base 8?
224140
10010101110010101101 (base 2) to base 16
95cad
Convert 3002010 (base 6) to base 9.
233536
Convert -233ab5 (base 13) to base 12.
-34424a
-2a8702 (base 12) to base 4
-2233233302
-5890267 (base 10) to base 16
-59e0db
-a451c (base 16) to base 15
-d4652
Convert 1110010110010101 (base 2) to base 14.
175c1
Convert 33000110 (base 5) to base 15.
58520
Convert -11785d (base 15) to base 8.
-3137671
2238b5 (base 12) to base 15
ab9de
Convert 8b97c (base 16) to base 11.
360643
What is -10201102122 (base 3) in base 14?
-1c978
Convert 141ce (base 16) to base 4.
110013032
Convert 10b1a6 (base 13) to base 12.
171045
What is 44438 (base 12) in base 3?
11121002222
What is 447015 (base 11) in base 10?
712101
-9b8f (base 16) to base 14
-10727
2012202021001 (base 3) to base 5
300113232
Convert -12ff1 (base 16) to base 8.
-227761
What is -168749 (base 14) in base 13?
-219489
What is 447634 (base 9) in base 16?
4171c
What is -117984b (base 12) in base 9?
-6346385
-12002001222 (base 3) to base 13
-36638
31122030331 (base 4) to base 14
677097
What is 32694a6 (base 13) in base 3?
1002000011100121
Convert -3022315 (base 6) to base 11.
-98581
62361511 (base 7) to base 10
5241979
204232001 (base 5) to base 11
532240
Convert 5c869 (base 13) to base 10.
170608
What is 139855 (base 11) in base 4?
311031331
Convert 51719 (base 14) to base 9.
328141
Convert 5b42b (base 14) to base 15.
46177
-3754872 (base 10) to base 15
-4e284c
Convert 11001100100001000 (base 2)